(v) = 4607*v - 4615. Give n(1).
-8
Let b(o) = -221*o**2 + 501*o - 193. Calculate b(3).
-679
Let l(r) = 78871*r - 1419636. Calculate l(18).
42
Let i(f) = 162*f - 7274. What is i(46)?
178
Let q(k) = -k**3 + 503*k**2 + 13753*k + 539. What is q(529)?
10
Let i(b) = 131*b**2 - 4717*b + 66. Give i(36).
30
Let z(y) = 26257*y + 26269. Determine z(-1).
12
Let u(k) = -k**3 - 53*k**2 + 77*k + 4087. Determine u(-53).
6
Let j(r) = r**3 - 3*r**2 - 1174*r + 2352. Calculate j(2).
0
Let a(q) = -820*q + 302. Calculate a(0).
302
Let w(l) = -2*l**3 + 12*l**2 + 1239*l - 64. What is w(-22)?
-218
Let u(k) = -148*k - 9077. What is u(-65)?
543
Let s(v) = -240*v + 193189. Determine s(805).
-11
Let u(g) = g**3 + 111*g**2 + 713*g - 1560. Give u(-104).
0
Let b(a) = -8*a**3 - 169*a**2 + 1473*a + 31365. Give b(-21).
-9
Let t(j) = 50389*j + 755826. Determine t(-15).
-9
Let s(u) = u**3 - 12*u**2 - 108*u - 239. Determine s(19).
236
Let y(l) = -47878*l + 191505. Give y(4).
-7
Let x(g) = -5*g**2 + 276*g + 1489. Calculate x(-5).
-16
Let k(n) = 992*n + 95553. What is k(-96)?
321
Let m(v) = 2*v**3 + 49*v**2 + 89*v - 175. What is m(-21)?
1043
Let k(q) = -207*q - 5198. Calculate k(-21).
-851
Let j(z) = -z**3 + 35*z**2 + 225*z - 7793. What is j(35)?
82
Let o(m) = 28729*m - 28673. Calculate o(1).
56
Let h(d) = -d**3 - 23*d**2 + 5*d + 944. Give h(-21).
-43
Let w(o) = o**2 + 19686*o - 4158081. Give w(209).
-26
Let a(q) = 172432*q - 862162. Determine a(5).
-2
Let d(i) = -i**3 - 543*i**2 + 8537*i - 227509. Calculate d(-559).
4
Let j(z) = -z**2 + 1720*z + 63198. What is j(-36)?
-18
Let d(c) = c**3 + 163*c**2 + 3571*c + 1217. Give d(-137).
-16
Let q(m) = 14265*m - 898699. Determine q(63).
-4
Let d(f) = 18*f**2 + 1076*f - 187. Calculate d(-61).
1155
Let x(w) = -2*w**2 - 1636*w + 8206. What is x(5)?
-24
Let u(k) = 597*k**2 - 70*k - 71. Calculate u(-1).
596
Let b(g) = 3080*g - 212533. Calculate b(69).
-13
Let y(g) = -2*g**3 + 20*g**2 + 3954*g - 35592. Calculate y(9).
156
Let j(i) = 113*i + 999. Calculate j(-18).
-1035
Let m(o) = -11*o**3 + 417*o**2 - 2083*o - 67. Determine m(32).
-163
Let m(c) = 165*c + 140. What is m(3)?
635
Let n(a) = a**3 - 31*a**2 + 162*a + 430. Determine n(22).
-362
Let v(u) = 357*u**3 - 29*u**2 + 19*u + 5. Determine v(1).
352
Let a(s) = 78*s**2 + 643*s - 478. Determine a(-9).
53
Let s(h) = -h**3 + 17*h**2 + 114*h - 2372. What is s(23)?
-2924
Let r(n) = -n**2 - 26704*n + 2922552. What is r(109)?
-65
Let u(k) = 18*k**3 + 93*k**2 - 11219*k - 56167. Determine u(-5).
3
Let w(i) = -157*i**2 - 2385*i - 7320. Give w(-11).
-82
Let d(x) = 67*x + 225. Give d(-7).
-244
Let v(u) = u**3 - 112*u**2 + 5*u - 330. Calculate v(112).
230
Let l(y) = 164*y + 5606. Determine l(-47).
-2102
Let h(l) = 129*l**2 + 2373*l - 1532. What is h(-19)?
-50
Let l(r) = 9*r - 402. Give l(39).
-51
Let w(i) = -4*i**2 - 294*i - 3943. What is w(-18)?
53
Let u(t) = 7*t**3 - 962*t**2 - 74102*t - 937. What is u(-55)?
-2
Let z(c) = -10011*c**2 - 660723*c + 226. What is z(-66)?
28
Let l(u) = -22453*u + 43914. Determine l(2).
-992
Let p(r) = 4*r**3 + 168*r**2 + 264*r - 131. Give p(-2).
-19
Let f(m) = 202103*m - 808558. What is f(4)?
-146
Let r(a) = -115*a**2 - 6783*a + 141. Calculate r(-59).
23
Let i(z) = 7374*z + 28987. Determine i(-4).
-509
Let n(b) = -9019*b + 108145. What is n(12)?
-83
Let z(t) = t**2 - 36*t - 206. Calculate z(-8).
146
Let f(t) = -t**3 + 24*t**2 - 96*t + 282. What is f(20)?
-38
Let k(n) = 99*n**2 - 327*n - 123. Calculate k(3).
-213
Let p(n) = 444*n - 23279. What is p(53)?
253
Let h(o) = -949*o - 174786. Determine h(-184).
-170
Let n(w) = 18135*w + 90641. What is n(-5)?
-34
Let t(n) = 15260*n - 976702. Give t(64).
-62
Let p(j) = 2*j**3 - 360*j**2 + 1775*j - 4140. Give p(175).
235
Let r(j) = -2*j**2 - 1521*j - 90458. Give r(-65).
-43
Let p(x) = 11*x**3 - x**2 - 58*x + 75. Calculate p(2).
43
Let u(f) = -24536*f + 1300882. Give u(53).
474
Let j(f) = -4105087*f + 28735601. What is j(7)?
-8
Let c(o) = -383*o**2 - 10730*o - 165. What is c(-28)?
3
Let y(i) = 3341*i + 681566. Calculate y(-204).
2
Let u(q) = -79*q**2 - 68*q - 318. Determine u(-4).
-1310
Let y(w) = 9*w**2 + 21347*w + 63954. What is y(-3)?
-6
Let p(x) = 8*x**2 - 511*x + 8025. What is p(27)?
60
Let t(a) = 9*a**2 - 2537*a + 115205. Calculate t(225).
5
Let b(d) = -3*d**3 + 876*d**2 - 1762*d + 39. Calculate b(2).
-5
Let m(d) = 2*d**2 - 728*d + 45645. Calculate m(283).
-201
Let m(q) = 6145*q - 7386271. What is m(1202)?
19
Let q(p) = -p**3 - 43*p**2 + 137*p + 114. Give q(-46).
160
Let z(i) = -i**3 - 40*i**2 - 78*i - 1053. Calculate z(-39).
468
Let j(w) = 6*w**2 - 518*w + 11747. Calculate j(48).
707
Let a(j) = -7064*j - 134220. Give a(-19).
-4
Let b(v) = -6*v**3 + 128*v**2 + 592*v + 13. Give b(-4).
77
Let p(i) = -43*i**3 - 54*i**2 - i - 8. Determine p(2).
-570
Let k(w) = -3*w**2 + 267*w - 2617. Give k(11).
-43
Let v(r) = -932*r + 166080. What is v(178)?
184
Let b(z) = -2450*z**3 + 5*z**2 - 109*z + 105. Give b(1).
-2449
Let w(a) = 1249*a + 136401. Determine w(-109).
260
Let k(v) = v**2 + 156*v + 1295. Determine k(-7).
252
Let i(c) = -19631*c + 903021. Determine i(46).
-5
Let k(v) = -9*v**2 + 157*v + 2282. Calculate k(27).
-40
Let x(c) = c**3 - 8*c**2 - 1036*c + 11045. Give x(11).
12
Let f(h) = 438*h - 8185. Determine f(18).
-301
Let i(g) = 11322*g - 45320. Calculate i(4).
-32
Let c(w) = -w**3 + 22*w**2 - 288*w + 3805. What is c(18)?
-83
Let r(t) = 29906*t + 717847. Give r(-24).
103
Let d(k) = -164*k - 2270. Calculate d(-18).
682
Let o(l) = 185*l + 11644. Give o(-63).
-11
Let g(a) = -400*a**2 + 307*a + 113. Calculate g(2).
-873
Let i(v) = -v**2 - 58*v + 17592. Give i(-165).
-63
Let j(b) = -95*b**2 + 3425*b - 66. Determine j(36).
114
Let k(g) = g**3 - 84*g**2 + 132*g - 4056. Determine k(83).
11
Let s(l) = 46629*l - 326408. What is s(7)?
-5
Let k(t) = -117*t + 10995. What is k(85)?
1050
Let k(b) = 3*b**2 + 4752*b - 125556. Determine k(26).
24
Let m(g) = 5536*g - 23094. What is m(3)?
-6486
Let r(n) = -n**2 + 470*n + 35481. What is r(-67)?
-498
Let s(w) = -w**2 - 240*w + 2623. Give s(-250).
123
Let s(i) = 773*i**2 + 526412*i - 689. Calculate s(-681).
-8
Let u(v) = -2*v**3 + 444*v**2 + 596*v + 67205. Give u(224).
5
Let g(l) = -16590*l - 298616. Calculate g(-18).
4
Let w(d) = -2*d**2 + 563*d + 58726. Determine w(-81).
1
Let a(c) = -27*c**3 + 193*c**2 + 270*c - 2075. Give a(7).
11
Let i(y) = 370059*y - 12581999. Determine i(34).
7
Let h(j) = -4*j**3 - 144*j**2 - 136*j + 115. Calculate h(-35).
-25
Let n(a) = 25*a**3 - 35*a**2 - 34*a + 4. Calculate n(2).
-4
Let g(d) = -2106*d - 22250. What is g(-12)?
3022
Let r(k) = 147*k**2 + 4568*k + 337. Calculate r(-31).
-4
Let j(h) = -387744*h - 1163254. Calculate j(-3).
-22
Let x(s) = -3582373*s - 32241359. Calculate x(-9).
-2
Let c(u) = 2*u**3 - 719*u**2 + 368*u - 3227. What is c(359)?
4
Let a(h) = -21*h**3 + 28*h**2 + 448*h - 1333. What is a(3)?
-304
Let g(t) = t**3 - 98*t**2 - 606*t + 9534. Give g(103).
161
Let p(s) = s**3 - 12*s**2 - 43*s - 41. Determine p(18).
1129
Let f(z) = 11214*z + 33316. Calculate f(-3).
-326
Let m(p) = 17830*p + 124859. What is m(-7)?
49
Let y(i) = 4907*i - 62447. What is y(13)?
1344
Let h(i) = -31*i**2 + 50*i - 152. Determine h(3).
-281
Let i(h) = -h**2 + 1931613*h + 21247879. What is i(-11)?
15
Let u(b) = -18*b**3 + 14*b**2 + 1010*b - 2083. Calculate u(2).
-151
Let c(j) = 36*j**2 + 2114*j - 120. What is c(-59)?
470
Let y(c) = 154*c**2 - 796*c - 16. Calculate y(5).
-146
Let n(z) = -z**3 + 18*z**2 - 44*z + 472. Calculate n(17).
13
Let q(v) = -16*v**3 + 8314*v**2 + 3103*v + 8827. What is q(520)?
-13
Let z(a) = 5*a**2 + 47*a + 187. Determine z(-4).
79
Let b(x) = 2*x**3 + 141*x**2 - 1165*x + 386. Determine b(-78).
-4
Let g(q) = 4*q**2 + 256*q - 3993. What is g(-77)?
11
Let v(t) = 33*t**2 - 749*t - 100524. What is v(-45)?
6
Let l(g) = g**3 + 330*g**2 + 23504*g - 10. Calculate l(-226).
-10
Let r(s) = 3570*s + 89268. What is r(-25)?
18
Let l(s) = 2*s**2 + 179*s + 4593. Give l(-35).
778
Let y(n) = -15*n**3 + 5314*n**2 - 1415*n - 378. Give y(354).
-24
Let o(z) = -12*z + 342. Give o(21).
90
Let q(d) = 21*d**2 + 163*d + 181. Determine q(-1).
39
Let s(h) = -7*h**2 + 8*h + 286. Give s(8).
-98
Let o(l) = 57*l**2 + 1063*l - 6741. What is o(5)?
-1
Let p(g) = 268*g**2 - 2151*g + 14. What is p(8)?
-42
Let t